 16?
6a1bd
What is -15032 (base 11) in base 5?
-1140311
3434031 (base 5) to base 6
1153542
2417c (base 13) to base 2
10000001010000110
1831855 (base 12) to base 8
23167201
What is 200a5 (base 15) in base 6?
2101245
What is 10011101111010010010010 (base 2) in base 13?
10c22b2
What is -748503 (base 10) in base 5?
-142423003
Convert 8c9a17 (base 14) to base 2.
10010010001011111110101
32016 (base 7) to base 3
101211200
Convert -32401 (base 7) to base 16.
-1f96
Convert -13013112 (base 4) to base 15.
-897c
165289 (base 13) to base 16
8746f
What is 1001121021211 (base 3) in base 13?
169348
Convert 206911 (base 11) to base 6.
11033141
-124321143 (base 5) to base 6
-21143101
What is 4cd4 (base 16) in base 12?
b470
What is -110110102211 (base 3) in base 10?
-245263
4825765 (base 10) to base 11
27a673a
33757 (base 10) to base 15
a007
10203011003 (base 4) to base 7
13063655
11302003033 (base 4) to base 13
410ba5
What is -11121030 (base 5) in base 7?
-556326
17262 (base 13) to base 10
44358
Convert -291801 (base 11) to base 5.
-104044141
Convert -215032 (base 6) to base 7.
-103220
130223213 (base 4) to base 8
345347
Convert 21122200110200 (base 3) to base 7.
46402350
12001102200222 (base 3) to base 12
a9608b
Convert -5252632 (base 8) to base 13.
-39c527
10c710c (base 15) to base 4
231313003203
What is 1401731 (base 8) in base 9?
660661
2aa72 (base 12) to base 7
340511
13356061 (base 7) to base 16
12efb9
40303111 (base 5) to base 2
1001110101011101001
Convert 273351 (base 8) to base 6.
2020201
Convert 13195813 (base 10) to base 7.
220106521
What is 4381298 (base 10) in base 9?
8217008
Convert -634301 (base 8) to base 4.
-303203001
Convert -149181 (base 11) to base 15.
-48a39
126d2 (base 15) to base 7
333533
Convert 745a12 (base 12) to base 14.
35a978
44213427 (base 8) to base 12
322681b
What is -555351 (base 7) in base 9?
-158310
What is 213233312223 (base 4) in base 2?
100111101111110110101011
Convert 10a4c99 (base 15) to base 2.
101101011100100000000011
14b583 (base 12) to base 2
1010101110101110011
Convert -1659617 (base 11) to base 10.
-2823795
What is 20232321330 (base 4) in base 3?
11022022022000
-348ca (base 15) to base 10
-167365
Convert 11420426 (base 7) to base 3.
1220111011202
Convert -1222021010121 (base 3) to base 15.
-15a984
Convert 1533312 (base 7) to base 10.
210072
What is -3313370 (base 8) in base 9?
-1606623
Convert -5033741 (base 8) to base 14.
-266c49
Convert 1013361 (base 7) to base 11.
83125
Convert -12231210010 (base 4) to base 8.
-6554404
20233230 (base 4) to base 11
24a04
-60c2d (base 16) to base 8
-1406055
What is 317678 (base 10) in base 3?
121010202212
195764 (base 11) to base 16
49568
What is 20112021120 (base 3) in base 8?
372774
Convert -416154 (base 8) to base 13.
-4ac82
Convert 423262 (base 7) to base 13.
2741b
-102434 (base 9) to base 16
-edbe
Convert 130267 (base 8) to base 12.
2221b
What is -3661250 (base 8) in base 4?
-3312022220
What is 116252 (base 9) in base 12?
34755
What is -1134063 (base 7) in base 2?
-100010111011100100
What is -111101001110111101 (base 2) in base 5?
-31011223
What is 535566 (base 12) in base 5?
314101211
20045541 (base 8) to base 14
7b97d7
What is 45523 (base 12) in base 16?
168ab
-299d9b (base 16) to base 15
-38d168
Convert -111101100010110110010 (base 2) to base 12.
-813096
18772862 (base 9) to base 3
122212102222002
What is 1292646 (base 10) in base 15?
1a8016
What is -3788d (base 14) in base 5?
-13324044
-46164 (base 9) to base 6
-354221
What is cc6882 (base 13) in base 4?
102113001120
Convert -12012410 (base 5) to base 6.
-2210523
Convert 5577574 (base 10) to base 3.
101111100222211
-21410123 (base 6) to base 9
-1173456
What is 111000101010000101 (base 2) in base 6?
4550221
Convert -201221120121211 (base 3) to base 2.
-101000011100000110001011
Convert -323033210 (base 4) to base 3.
-110022212102
Convert -2011112000 (base 3) to base 13.
-16557
-1021011212 (base 3) to base 16
-6155
What is -56267 (base 9) in base 13?
-14041
What is -c07bb2 (base 13) in base 7?
-53006344
What is -10001111111111110111 (base 2) in base 9?
-1088060
Convert 5684945 (base 10) to base 7.
66215120
What is 11312133 (base 6) in base 14?
9225b
2012020000222 (base 3) to base 5
244300242
3409c8 (base 15) to base 6
125114342
What is -545553 (base 7) in base 12?
-47419
645073 (base 8) to base 3
101221202121
What is -1000100111111010101 (base 2) in base 8?
-1047725
What is 658085 (base 14) in base 11?
1a40387
What is -61179 (base 13) in base 9?
-284406
16032348 (base 10) to base 3
1010011112020200
Convert -994431 (base 11) to base 9.
-2878041
Convert -106650424 (base 7) to base 15.
-8a0b21
Convert 111100011100111111010 (base 2) to base 11.
1133329
-154b302 (base 12) to base 4
-100201233302
What is -e88ee (base 16) in base 2?
-11101000100011101110
2eb2 (base 16) to base 9
17352
54aef (base 16) to base 4
1110223233
-11200212200212 (base 3) to base 5
-1114403314
-2320623 (base 7) to base 12
-120380
What is 21b42 (base 13) in base 15?
13222
Convert -fa59 (base 16) to base 13.
-2322c
Convert 5514766 (base 8) to base 2.
101101001100111110110
30ad00 (base 15) to base 16
235230
2412c9 (base 16) to base 14
4577a9
Convert -3b661 (base 12) to base 8.
-240351
What is 21330102 (base 5) in base 7?
1361654
What is 32113202 (base 4) in base 11?
40240
52e002 (base 16) to base 7
64110455
2112221201 (base 3) to base 2
1100010001011010
2002120200121 (base 3) to base 7
12315616
What is 101233013 (base 4) in base 7?
421541
What is -57bd3d (base 14) in base 6?
-144034215
Convert -23310204 (base 6) to base 10.
-724540
Convert -2045425 (base 8) to base 7.
-4422401
3111333 (base 6) to base 15
2e3e0
-131220222 (base 4) to base 10
-121386
100100100001010111101101 (base 2) to base 9
20011782
What is -1121012111 (base 3) in base 15?
-94ea
Convert 705612 (base 9) to base 2.
1100101111011001101
194568 (base 16) to base 2
110010100010101101000
-56bd6a (base 15) to base 2
-1111110010111011100111
What is -2212003 (base 6) in base 11?
-76101
-833a3 (base 11) to base 14
-32457
Convert 2154510 (base 6) to base 15.
222b3
Convert 1ff67 (base 16) to base 13.
47789
6550405 (base 11) to base 7
166550640
Convert -6155b2 (base 12) to base 9.
-2771418
What is -13111301302 (base 4) in base 10?
-1924210
What is -1755a (base 15) in base 14?
-1d700
Convert -2626956 (base 11) to base 12.
-1633a32
20231032100 (base 4) to base 14
435ab6
Convert -45245454 (base 6) to base 11.
-85a087
What is 40144131 (base 6) in base 11?
704787
Convert -24304b (base 16) to base 13.
-650664
-1a55954 (base 12) to base 9
-11456241
What is -3320203031 (base 4) in base 3?
-1220201111222
What is -11010111101100001011 (base 2) in base 12?
-367323
203002023 (base 6) to base 13
956bc8
What is -1f02b5 (base 16) in base 7?
-23163046
38530 (base 16) to base 13
81016
-96799 (base 15) to base 10
-477594
Convert 30c26 (base 13) to base 10.
87743
Convert 6d9b6a (base 14) to base 10.
3753298
-214444 (base 8) to base 6
-1313112
Convert 58130 (base 11) to base 3.
11021020101
What is -98669 (base 10) in base 5?
-11124134
Convert -379543a (base 13) to base 10.
-17348237
Convert 11a306 (base 16) to base 2.
100011010001100000110
31638 (base 13) to base 6
1523433
Convert -2d292 (base 14) to base 8.
-334600
Convert -1405057 (base 9) to base 8.
-2742406
What is ad295f (base 16) in base 12?
3973393
40224001 (base 7) to base 3
20021101100001
16130c (base 13) to base 3
1000201010002
Convert 2532420 (base 8) to base 15.
dcdac
-111020010 (base 3) to base 11
-7276
10100110010110101 (base 2) to base 5
10211143
What is -2221131 (base 6) in base 3?
-12200021001
-156651 (base 7) to base 10
-31200
Convert -1795b7 (base 13) to base 16.
-90874
-1020210220022 (base 3) to base 2
-10100010011110100000
-443667 (base 10) to base 14
-b7987
Convert 21751616 (base 8) to base 3.
22212011002021
-20dddf (base 16) to base 3
-11001102122222
-2143066 (base 7) to base 14
-6baa6
-1001111011110101100100 (base 2) to base 4
-21323311210
What is d0ca8 (base 14) in base 5?
112030113
-2022221310 (base 4) to base 12
-2347b0
Convert -1a0ef3 (base 16) to base 11.
-a67082
What is 113210003 (base 4) in base 5?
11042030
What is -360edf (base 16) in base 4?
-31200323133
Convert d4d7 (base 15) to base 13.
1761a
What is 11807 (base 9) in base 14?
2c77
-12012